ne c(m).
-10
Let w(i) be the second derivative of i**5/20 - i**4/12 + 9*i**2/2 - i. Let t = -1473 + 1473. Determine w(t).
9
Let m(s) = 2*s**3 + 2*s + 2. Let d(z) = z**2 + 25*z + 152. Let a be d(-11). What is m(a)?
-18
Let d = -1159 - -1167. Let o(l) = -10*l + 76. Give o(d).
-4
Let i(z) = -6*z - 2 + 4 - 730*z**2 + 729*z**2 + 2*z. Suppose 5*l = -5*c, 0*l + 2*c = 4*l + 18. Determine i(l).
5
Let n(b) = 7*b - 5. Let w(a) = 15*a - 11. Let u(q) = 9*n(q) - 4*w(q). Let m = 21 + -18. Suppose -m*p + 7 = 1. Give u(p).
5
Let h(q) = 2*q**3 + 5*q**2 + 4*q - 6. Let r(l) = 5*l**3 + 12*l**2 + 12*l - 18. Let y(x) = -8*h(x) + 3*r(x). Give y(-5).
-1
Let p(y) = 20*y - 7 + 4 + 13 + y**2 + 11 - 4. What is p(-17)?
-34
Let o(w) = -w**2 - w - 4. Suppose -28*j = -16*j + 36. Determine o(j).
-10
Let s(a) = -12*a + 1. Suppose -m - 2*z + 31 = 85, -5*m - 240 = 4*z. Let r = m + 46. What is s(r)?
-23
Let z(x) be the second derivative of x**4 - x**2/2 - 2*x. Suppose -33*v + 2 = 35. Calculate z(v).
11
Let c be 2/(-3)*6*-1. Suppose 9*f - 6 = 7*f. Let q(d) = -1 + 2 - 2 + c*d**2 - 2*d**2 - 9*d**f. Give q(1).
-8
Let n(h) = h**2 + 3*h - 4. Let l(r) = -r**3 - 9*r**2 + 25*r + 30. Let j be l(-11). Determine n(j).
-4
Let t(n) = 11*n + 4*n**2 - 4 - 12*n + 0*n**2 - n**3. Suppose 4*k + 0*k + 108 = 0. Let f be (-87)/k - (-2)/(-9). Determine t(f).
2
Let z(a) = -a**3 + 17*a**2 - a + 17. Let y be z(17). Suppose -k = i + 13, 5*i + y*i - 2*k = -37. Let g(j) = j**2 + 12*j + 12. Give g(i).
-15
Let i(x) = -6*x**3 - x + 1. Let v(r) = -2*r**3 - 3*r**2 + 2. Let h be v(-3). Let a = h + -28. Determine i(a).
-6
Let o be 7*((-5)/(-7) + 8/28). Let n(p) = -p**2 + 11*p + 12. Let m(x) = 2*x**2 - 21*x - 23. Let w(q) = -6*m(q) - 11*n(q). Give w(o).
-8
Let k(a) = -1 - 71*a + 142*a - a**2 + 2*a**2 - 77*a. Give k(8).
15
Let j(n) = n**2 + n. Let m(d) = -8*d**2 - 12*d - 2. Let c be 82/8 - 7/28. Let o(w) = c*j(w) + m(w). What is o(2)?
2
Suppose -2*z + 3 = 5*u, 0 = -5*z - 6 + 1. Let n(h) = 7*h - u - 3 - 1 + 3. Let p(d) = 4*d - 1. Let y(l) = 6*n(l) - 11*p(l). What is y(3)?
-7
Let z(x) be the third derivative of 1/60*x**5 - 1/6*x**3 + 0 - 5/24*x**4 + 0*x + 7*x**2. Calculate z(5).
-1
Let t = 569 + -565. Let a(z) = 3*z - 3. What is a(t)?
9
Let d(j) = 3*j**3 - 29*j**2 - 35*j - 28. Let q(k) = -k**3 + 10*k**2 + 12*k + 10. Let l(z) = 6*d(z) + 17*q(z). Give l(5).
-3
Let r(x) = -x + 5. Let u(s) = -2*s + 9. Let d(k) = 7*r(k) - 3*u(k). Suppose -4*l - 59 = c - 70, 2*c - 3*l - 11 = 0. What is d(c)?
1
Let y = -229 + 233. Let u(c) = c**3 - 2*c**2 + 2*c + 1. Let l(t) = 2*t**3 - 3*t**2 + 4*t + 1. Let r(p) = -3*l(p) + 7*u(p). What is r(y)?
-4
Let b(i) = i**2 + 5*i - 4. Let h(u) = 2*u**2 + 9*u - 6. Let n(l) = -5*b(l) + 2*h(l). Give n(-6).
14
Let c = 29 - 20. Let k be (7 - 0)*(10 - c). Let d(w) = w**3 - 7*w**2 - 1. Calculate d(k).
-1
Let v(z) = z**2 + 9*z - 3. Suppose -8 = -n - 15. Give v(n).
-17
Suppose c = -39 + 44. Suppose -t = -c*t + 24. Let d(o) be the second derivative of -o**4/12 + 5*o**3/6 + 7*o**2/2 - 3*o. Calculate d(t).
1
Let v(p) be the third derivative of -p**5/60 + p**4/6 - p**2 + 62*p. What is v(3)?
3
Suppose -9 = -v - 3*m, 5*m - 16 = -3*v + v. Let y(c) = 4*c + 1. Let u(s) = 21*s + 5. Let r(l) = 2*u(l) - 11*y(l). Calculate r(v).
-7
Let f(g) be the third derivative of -5*g**4/12 - g**3/6 - 22*g**2 - 4*g. What is f(3)?
-31
Let s be 1/(1 - 0/5). Let r(c) = -c + s - 5*c - 4*c + 3*c. Determine r(-1).
8
Let p(h) = 10*h - 1. Let k(a) = 7*a - 1. Let o(n) = 5*k(n) - 4*p(n). Give o(1).
-6
Let m(x) = -2*x + 4. Let a(i) = -4*i + 12. Let z(l) = -4*a(l) + 11*m(l). What is z(-3)?
14
Let x(p) = -2 - 3*p - 1 - 5 + 2*p**2 - p. Let w(v) = -v - 5. Let b be w(-8). Let a(j) = j**2 - 5*j - 7. Let t(g) = b*a(g) - 2*x(g). Determine t(-4).
7
Let a(d) = 2*d**2 - 34*d + 5. Let x be a(17). Suppose -8*p + 7*p = x. Let f(r) be the second derivative of r**3/6 + 7*r**2/2 + r. What is f(p)?
2
Let z(u) be the second derivative of u**5/20 - u**4/2 - 5*u**3/6 + 3*u**2 + 94*u. What is z(5)?
-44
Let q(m) be the third derivative of -m**5/10 - m**4/24 + 4*m**2 - 33. Determine q(1).
-7
Let v(o) = -3*o**3 + 3*o**2. Let z be 12 + -5 - (7 + -3). Suppose -4*q - 2 - 8 = -z*a, 0 = 2*a + 3*q - 1. Give v(a).
-12
Let k(q) = -q. Suppose -22*l + 17*l - 20 = 0. Let u(b) = -b**2 + 10*b - 2. Let m(n) = l*k(n) - u(n). Give m(4).
-6
Suppose 4*v + 2 = 2*t, -7 + 1 = -3*t + 5*v. Let c(u) = -6*u + t*u**2 - 5 - 3*u**2 - u**3 + 2*u**3. Let y = -7 - -2. What is c(y)?
0
Let m(y) = y**2 - 4*y - 5. Suppose -176 = -4*i + 4. Let o = 27 + i. Let d be (1/(-1))/((-12)/o). Give m(d).
7
Let n(c) = 0*c - 3*c + c - 3. Let u(p) = p. Let d(b) = -n(b) - 3*u(b). Suppose -4*z - 5*t - 36 = 0, -3*z - 12 = -z + t. Determine d(z).
7
Let w = 0 - 18. Let t be w/(-8) + 3/(-12). Let v(c) = 7*c**t + 0 + 0 - c + 1 - 3*c**2. What is v(1)?
4
Suppose 23 = -2*i + 11. Let y be (1/(-2))/(-1) - (-3)/i. Let r(d) = -d**2 - 22. Give r(y).
-22
Let r(y) = y**2 - y - 6. Let j(q) = q**2 + 4*q + 1. Let u be j(-4). Suppose f - 7 = -u. Suppose 5*w = 2*l - 0 + f, 9 = 2*w - 3*l. What is r(w)?
-6
Let w = -24 + 21. Let t be (-9)/w - (-2)/(-2). Let l(n) = 5 - 4 - 6 - 2*n + 4 + t*n**2. What is l(2)?
3
Let v be (-1036)/(-555) - 2/(-15). Let l(a) = 3*a**2 + 6*a - 6. Let j(i) = -i + 1. Let f(k) = 6*j(k) + l(k). What is f(v)?
12
Let z(g) = g**3 - 16*g**2 + g - 4. Let t = -736 + 752. Determine z(t).
12
Let z(u) = 2*u + 16. Let m be z(-6). Let g(r) = r**2 - 2*r - 3. What is g(m)?
5
Let g(u) = -u**2 - 3*u + 12. Let f be g(0). Suppose 0 = -7*w + 13*w - f. Let p(q) be the first derivative of q**4/4 - q**3/3 - q - 1. What is p(w)?
3
Suppose 11*q = 17*q - 180. Let l(m) = -m**3 + 0*m**2 + q + 0*m**2 + m - 32. Give l(-3).
22
Let w(s) be the first derivative of -s**7/84 + s**6/360 - s**5/120 + s**4/24 - 20*s**3/3 + 13. Let m(k) be the third derivative of w(k). What is m(1)?
-9
Let w(x) = -x**3 + x**2 + x - 1. Let k(i) = 3*i**3 + i**2 + 2. Let v = 14 - 14. Suppose 8*p - 4*p - 8 = v. Let r(u) = p*w(u) + k(u). What is r(-2)?
0
Let o = -46 - -57. Let g(f) = 6*f - 62. Give g(o).
4
Let m(o) = o**3 - 8*o**2 - 8*o - 1. Let c(h) = 11*h + 152. Let x be c(-13). Calculate m(x).
8
Let d = 169 + -181. Let h(a) = -a**2 - 14*a - 12. Give h(d).
12
Let w(z) = z**2 + 27*z + 111. Let n be w(-22). Let h(p) = -15*p**3 + 2*p**2 - 1. Determine h(n).
-14
Let q(z) = z**2 + 23*z + 79. Let f be q(-19). Let k(n) be the third derivative of n**2 + 1/60*n**5 + 0*n - 1/6*n**4 + 0 + 1/6*n**f. Calculate k(3).
-2
Let z(l) = -40*l - 2284. Let a be z(-57). Let r(f) = 4*f - 2. Let w(b) = b - 1. Let c(g) = 2*r(g) - 7*w(g). What is c(a)?
-1
Suppose 0 = 15*w - 9*w - 18. Let r(p) = 9*p - 11*p + 4 + w + 0. Calculate r(6).
-5
Let v be 2/(-4)*2/(-1). Let b(k) be the second derivative of 7*k**5/120 - k**3/2 - 12*k. Let n(f) be the second derivative of b(f). What is n(v)?
7
Let i(k) = k**3 - 3*k**3 - 3*k**3 - 4*k. Let a(j) = j. Let s(f) = -3*a(f) - i(f). Let y be (2/4)/((-13)/26). What is s(y)?
-6
Let q(r) be the first derivative of -5*r - 1 + 1/3*r**3 + 3*r**2. Let o(k) = -k**3 + 8*k**2 + k - 14. Let l be o(8). Calculate q(l).
-5
Suppose 0 = -6*w + 2*w. Suppose -4*j + j + 2*p = 13, -4*j + 2*p - 14 = w. Let y(n) = -2 + 9 - 6 + n**2. Calculate y(j).
2
Let y(k) = -10 - k + 5 - 10. What is y(-21)?
6
Let z(u) = u**2 + u - 2. Let t(v) = -v - 18. Let w be t(-21). Give z(w).
10
Let s(v) = -v - 8. Suppose 2*o + 178 = 5*j, -j + 6*j + 242 = -3*o. Let f = o + 78. Determine s(f).
-2
Let p(k) = -k**2 + 17*k - 28. Let r be p(15). Let v(z) = -10*z - 9*z - z**2 - 2*z**r + 2 + z**3 + 15*z. Determine v(4).
2
Let h(t) = -6*t + 1. Suppose 6 = 2*z - 4. Suppose -j + 5*d - 6 = 2*j, -j - z*d + 18 = 0. Suppose 2*o = j - 1. Determine h(o).
-5
Let q be 6/(-21) + (-6075)/567. Let x(l) = -l - 7. What is x(q)?
4
Let i(w) = w**3 + 8*w**2 - 5. Let n(f) = -f**3 + 8*f**2 - 14*f + 4. Let j = -30 - -36. Let t be n(j). Determine i(t).
-5
Let m be (-1 + 0)*(-6 - -5). Let r(s) = -2*s**2 + 4*s + 2. Let x(a) = 5*a**2 - 9*a - 5. Let c(k) = 7*r(k) + 3*x(k). Determine c(m).
1
Suppose -191*x = -173*x - 126. Let u(z) = -z**2 + 8*z - 5. Give u(x).
2
Let q(d) = d**3 + d**2 - d - 2. Let s be q(-2). Let t be (-5)/(-2)*(6 + s). Let k be (-1 + t + -5)*-3. Let w(h) = -h**2 + h - 1. Calculate w(k).
-7
Let n(b) = 2*b + 4 - b + 2*b. Let x(z) = -z + 